(-158 - -1)*3/(-3)?
1
Suppose 4 + 1 = -2*g + 5*x, -3*g - 4*x = -27. Let l(s) = s - 1. What is the units digit of l(g)?
4
Let y = 437 + -261. What is the tens digit of y?
7
Let b = 5 + -7. Let s(i) = -2*i**3 + i - 1. What is the units digit of s(b)?
3
Suppose 4*s = 4*m - 0*s - 140, 3*s = m - 35. What is the tens digit of m?
3
Let m = 89 - 49. Let b(p) = -p - 1. Let l be b(-5). Suppose -3*u - 2*u = 5*v - m, l*v - u = 12. What is the units digit of v?
4
Let b be (-1)/((-3 + -1)/16). Suppose 53 = 3*l + b*v, 4*l - 20 = 5*v + 61. What is the tens digit of l?
1
Let t = -82 - -193. What is the hundreds digit of t?
1
Suppose 0*o = -5*o + 30. Let a = -3 + o. What is the units digit of 18/(-15)*(-10)/a?
4
Suppose -3*u - 46 = -4*m - 395, -2*u + m = -226. What is the tens digit of u?
1
Let l(j) = j - 11. Suppose 2*t = 101 - 29. Suppose t = 5*c - 29. What is the units digit of l(c)?
2
Suppose 5*r - 63 - 22 = 0. What is the tens digit of r?
1
Let f be (1 - 6/3) + 7. Let t be (4/f)/((-6)/(-27)). Suppose -t*c - 7 = -4*c. What is the units digit of c?
7
Let s(c) = c**2 + 6*c - 9. Let a be s(6). Suppose -4*j = -j - a. What is the units digit of j?
1
Let p = 52 + -24. What is the units digit of p?
8
Suppose -k + 4*r - 11 = 0, 5*r - 5 = 2*k + k. Let b(p) = -p**3 + 5*p**2 + 3. Let h be b(k). What is the units digit of (1 - h)*(-1 - 1)?
4
Let g(q) = 10*q**2. Let z be g(1). Suppose 4*h - 6*h = 50. What is the units digit of 26/z - 10/h?
3
Let t(o) = -6*o**3 - 2*o**2 - o. Let a(s) = s**3 - 6*s**2 + 5*s + 3. Let h be a(5). Let j be (-2)/8 - h/4. What is the units digit of t(j)?
5
Suppose i + 6 = 42. Let o(h) = -h**3 + 19*h**2 - 19*h + 22. Let l be o(18). Suppose -3 = -l*v + 4*n + 21, n + i = 4*v. What is the tens digit of v?
1
Suppose 7*x - 2*x + 417 = 4*b, 2*b - 176 = -4*x. What is the tens digit of b?
9
Let d(a) = a**2 - 4*a + 5. Let w be d(5). What is the units digit of 2 - (-5)/(w/12)?
8
What is the units digit of (-1232)/(-10) - 28/(-35)?
4
Let d = -3 - -7. Suppose -k - 3*k - 5*c = -11, -5*k + d*c = -24. Suppose -k + 3 = -z. What is the units digit of z?
1
Suppose -138 = -7*m + 4*m - 2*z, -5*z = 0. Let f = m - 30. What is the units digit of (-8 - 0)*(-12)/f?
6
Suppose p = 2 - 0. Suppose 11*w - 13*w + p = 0. What is the units digit of w?
1
Let y(b) be the second derivative of -b**3/2 + b**2/2 + 3*b. What is the units digit of y(-3)?
0
Let r(a) = 2*a**2 - 2*a + 20. What is the units digit of r(5)?
0
Let a = 1 + 3. Suppose 2*w = -2*l - w + 19, -a*l = -5*w - 5. What is the units digit of l?
5
Let c = 193 - 125. What is the units digit of c?
8
Let o = 44 + -23. What is the tens digit of o?
2
Suppose 17*g - 19*g - 56 = 0. Let a = g - -45. What is the units digit of a?
7
Suppose -5*k - 630 = -8*k. What is the hundreds digit of k?
2
Let m be 1/(-4) - (-34)/8. Let s be 6/(-12) - 38/m. What is the tens digit of ((-27)/6)/3*s?
1
Let l = -65 + 40. Let r = 3 + l. Let h = r + 43. What is the tens digit of h?
2
Let j(f) = -f**3 - 8*f**2 + 9*f - 3. Let v be j(-9). What is the units digit of 14/v*(-18)/12?
7
Suppose 4*n = -4*a + 356, -7 = -2*a - 5*n + 171. What is the tens digit of a?
8
Let k = 2 + -7. Let o(q) = -q**3 - 6*q**2 - 5*q + 5. Let u be o(k). Suppose 2*g = 3*g - u. What is the units digit of g?
5
Let b(s) = s**3 + 3*s**2 - 25*s - 2. What is the units digit of b(-6)?
0
Let v(y) = 30*y + 3. What is the tens digit of v(2)?
6
Let l(r) = r**2 + 2*r + 2. Suppose -5*v = -2*v + 4*h + 11, 5*v = -5*h - 10. Let m be 10/6*v/(-1). What is the units digit of l(m)?
7
Let w = 5 - 2. Suppose -w*f - 18 = -6. Let n(d) = -d**2 - 5*d + 1. What is the units digit of n(f)?
5
Let v be (4/10)/(5/275). What is the tens digit of (5/2)/5*v?
1
Suppose 2*f = -2*r + 2, 7*f - 4*f - r + 1 = 0. Let n = -5 + 39. Suppose s - 2 - 1 = f, -4*w + 2*s + n = 0. What is the tens digit of w?
1
Let h(a) = -a**2 - 2*a + 1. Let g be h(2). Let z(i) = 5*i + 18. Let j(q) = 6*q + 19. Let d(l) = -4*j(l) + 5*z(l). What is the units digit of d(g)?
7
Suppose 2*x + 3*x + 81 = 2*k, -3*k = -5*x - 119. What is the units digit of k?
8
Suppose 3*i - 24 = -3*d, 3*d - 6 = 4*i - 17. Suppose c = -0*c + 5, 15 = i*x + 2*c. Suppose -6*l + l + 19 = 2*v, -2*l - 3*v = -x. What is the units digit of l?
5
Let z(x) be the second derivative of 0*x**2 + 3*x + 0 + 1/6*x**4 + 1/6*x**3. What is the units digit of z(1)?
3
Suppose 9*k - 924 = 2*k. What is the units digit of k?
2
Let m(d) = d + 7. Let p be m(-5). What is the tens digit of 352/14 + p/(-14)?
2
Let o = -11 + 16. Suppose o*l - 57 = -t, -4*t - l + 53 + 80 = 0. What is the units digit of t?
2
Suppose 2*p = 3*f + 11, -2*p + 3*f - 5 = -4*p. Suppose h + p*a = -h + 10, h - 3*a = 20. What is the units digit of h?
1
What is the units digit of 6/24 + 1 + (-1174)/(-8)?
8
Let f(q) = 5*q - 2. Let r = -4 + 7. What is the tens digit of f(r)?
1
Let y(q) be the first derivative of -3*q**2 + q + 2. What is the tens digit of y(-2)?
1
What is the units digit of (-72)/(-30) + (-2)/5?
2
Suppose -3*b = -4*b + 3. Suppose -42 = b*s - 192. What is the units digit of s?
0
Suppose -3*q = -3*x - 78, -3*q = 4*x - 5*x - 18. What is the units digit of 16/5 - (-6)/x?
3
Let k = -69 + 132. What is the tens digit of k?
6
Suppose 3*g - 39 = -6. What is the units digit of g?
1
What is the tens digit of 1*-4 + 4/(28/469)?
6
Let i(p) = -p**2 - 19*p + 1. What is the tens digit of i(-18)?
1
Suppose 3*c - 7 = -f + c, 2*c + 18 = 4*f. Suppose 4*x + 4 = -f*i + 76, 4*i - 63 = -5*x. Suppose m - 5*m + i = 0, -g = 4*m - 16. What is the units digit of g?
4
Let j be -1*7 + 1/1. Let i = -8 - -17. Let z = j + i. What is the units digit of z?
3
Let i be 34/2 - (-30)/(-10). What is the tens digit of (2 + i)*(-3)/(-2)?
2
Let m(f) be the first derivative of -2*f**3/3 + f**2 + 3*f - 2. Let j be m(3). What is the units digit of (-2)/j - (-68)/18?
4
Suppose 2*o + 2*o = 5*m - 43, -4*o - 36 = -4*m. Let s(q) = q**3 - 7*q**2 - 2*q + 10. Let l be s(m). What is the units digit of 4*(-1 - 6/l)?
2
Let q = 79 + 316. Let p be (-1)/3 - q/(-15). What is the units digit of p/4 - 3/6?
6
Let y be (-25)/9 - 12/54. What is the tens digit of 276/18 + y/9?
1
Suppose -4*y - 4*c = c - 59, 3*y + 3*c = 48. What is the units digit of y?
1
Let f(v) = v - 2*v**3 - 7*v**2 + 3 + 3*v + 4*v**3. What is the tens digit of f(4)?
3
Let q be (-3)/(27/6)*-3. Suppose -g + 2*g = 2. Suppose -q*c = -10 - g. What is the units digit of c?
6
Let w(a) = -a**3 - 7*a**2 - 8*a - 5. Let m be w(-6). Suppose 0 = -5*o + 5*h + 90, -3*h + 44 = 4*o + m. Let b = o + -6. What is the units digit of b?
7
Let u(b) = -2*b**3 + 2*b + 3. Let n(g) = -2 - g - 2 - g - g**2 + g**3 + 1. Let y(a) = -3*n(a) - 2*u(a). What is the units digit of y(-2)?
3
Let d(x) = -x - 2. Suppose -2*w - 3*m + 15 = -7*w, -25 = -2*w - 5*m. Suppose w - 2 = 2*q - 3*t, -t - 18 = 4*q. What is the units digit of d(q)?
2
Let k be 3/1*10/3. Let d = 14 - k. Suppose -4*z = -8 - d. What is the units digit of z?
3
Suppose -3*y + 124 = 646. What is the units digit of 1/2 - y/12?
5
Let d(m) = m**3 + 6*m**2 + 2*m - 4. Let v be d(-6). Let u = v + 24. What is the units digit of u?
8
Suppose 4*q - 1 - 3 = 0. Let t be -1*(q - -10*1). Let m = t - -29. What is the units digit of m?
8
Let v be ((-2)/3)/(1/(-33)). What is the units digit of 1/2 - (-1001)/v?
6
Let q = -21 + 51. What is the units digit of q?
0
Let w = 46 - 10. What is the units digit of w?
6
Let u = -47 + 187. What is the units digit of u?
0
Suppose -h + u - 22 = -2*h, 7 = h + 4*u. What is the units digit of h?
7
Let y be 15/(-1) - 3/(-1). Let o be 4*((-15)/y - 1). What is the units digit of 0/(3/o) - -17?
7
What is the units digit of -6*6/16*-16?
6
Suppose -2*d + 3*n = -382, -298 - 288 = -3*d - 2*n. What is the units digit of d?
4
Let z(x) = x**2 - 2*x + 3. What is the units digit of z(3)?
6
Let a(n) = -6*n + 2. Let z be a(-5). Suppose 0 = 3*u - u - z. What is the tens digit of u?
1
What is the units digit of ((-847)/(-28))/(4/32)?
2
Let k be 17 - (-3 - (-3 - 0)). Let c = 50 - k. What is the units digit of c?
3
Let z = 30 - 48. Let v = z - -25. What is the units digit of v?
7
What is the units digit of (-3)/(-5) + (-67)/(-5)?
4
Let y(j) = -j**3 + 3*j**2 - j. Let u be y(3). Let b(g) = -g**2 - 4*g - 3. Let i be b(u). Suppose 0*x + 4 = x - f, 4*f = i. What is the units digit of x?
4
Supp